dred thousands digit of 154536?
1
What is the units digit of 211?
1
What is the thousands digit of 32206?
2
What is the tens digit of 11612?
1
What is the tens digit of 385?
8
What is the ten thousands digit of 32354?
3
What is the thousands digit of 13178?
3
What is the tens digit of 3051?
5
What is the thousands digit of 2474?
2
What is the thousands digit of 33190?
3
What is the tens digit of 27420?
2
What is the tens digit of 5796?
9
What is the tens digit of 15514?
1
What is the tens digit of 3297?
9
What is the thousands digit of 68003?
8
What is the ten thousands digit of 41704?
4
What is the hundreds digit of 988?
9
What is the hundreds digit of 7346?
3
What is the tens digit of 33196?
9
What is the tens digit of 2545?
4
What is the units digit of 2345?
5
What is the thousands digit of 57721?
7
What is the hundreds digit of 113?
1
What is the units digit of 10456?
6
What is the tens digit of 5386?
8
What is the hundreds digit of 507?
5
What is the tens digit of 12220?
2
What is the units digit of 306?
6
What is the units digit of 1649?
9
What is the tens digit of 430?
3
What is the hundreds digit of 3133?
1
What is the units digit of 141?
1
What is the hundreds digit of 976?
9
What is the units digit of 946?
6
What is the tens digit of 2451?
5
What is the tens digit of 202?
0
What is the thousands digit of 13818?
3
What is the ten thousands digit of 16485?
1
What is the thousands digit of 24422?
4
What is the hundreds digit of 2185?
1
What is the tens digit of 8357?
5
What is the units digit of 23876?
6
What is the units digit of 5837?
7
What is the tens digit of 76055?
5
What is the units digit of 6337?
7
What is the units digit of 10881?
1
What is the tens digit of 1934?
3
What is the tens digit of 146782?
8
What is the thousands digit of 10810?
0
What is the units digit of 86?
6
What is the tens digit of 34769?
6
What is the units digit of 3436?
6
What is the units digit of 35661?
1
What is the hundreds digit of 60505?
5
What is the units digit of 6484?
4
What is the tens digit of 1327?
2
What is the hundreds digit of 10270?
2
What is the thousands digit of 1415?
1
What is the hundreds digit of 488?
4
What is the ten thousands digit of 16172?
1
What is the tens digit of 57007?
0
What is the tens digit of 386?
8
What is the units digit of 368?
8
What is the hundreds digit of 4314?
3
What is the thousands digit of 3635?
3
What is the units digit of 62085?
5
What is the hundreds digit of 2199?
1
What is the tens digit of 479?
7
What is the thousands digit of 3415?
3
What is the units digit of 2990?
0
What is the ten thousands digit of 42835?
4
What is the ten thousands digit of 82708?
8
What is the thousands digit of 3277?
3
What is the ten thousands digit of 19431?
1
What is the hundreds digit of 814?
8
What is the ten thousands digit of 16441?
1
What is the tens digit of 584?
8
What is the thousands digit of 1847?
1
What is the ten thousands digit of 14437?
1
What is the units digit of 614?
4
What is the hundreds digit of 13519?
5
What is the hundreds digit of 2177?
1
What is the hundreds digit of 164?
1
What is the hundreds digit of 825?
8
What is the hundreds digit of 2386?
3
What is the units digit of 6389?
9
What is the units digit of 3460?
0
What is the units digit of 1043?
3
What is the tens digit of 1149?
4
What is the hundreds digit of 9294?
2
What is the tens digit of 936?
3
What is the thousands digit of 9567?
9
What is the hundreds digit of 447?
4
What is the ten thousands digit of 39163?
3
What is the tens digit of 3789?
8
What is the units digit of 1823?
3
What is the units digit of 19913?
3
What is the tens digit of 44084?
8
What is the thousands digit of 4133?
4
What is the units digit of 4169?
9
What is the ten thousands digit of 27279?
2
What is the hundreds digit of 9501?
5
What is the units digit of 2875?
5
What is the tens digit of 4762?
6
What is the thousands digit of 17373?
7
What is the tens digit of 4496?
9
What is the tens digit of 49119?
1
What is the units digit of 5091?
1
What is the thousands digit of 62151?
2
What is the hundreds digit of 2011?
0
What is the thousands digit of 76762?
6
What is the hundreds digit of 335?
3
What is the tens digit of 34?
3
What is the tens digit of 3331?
3
What is the tens digit of 6831?
3
What is the hundreds digit of 970?
9
What is the tens digit of 7495?
9
What is the tens digit of 5754?
5
What is the hundreds digit of 8510?
5
What is the units digit of 31701?
1
What is the hundreds digit of 94837?
8
What is the tens digit of 638?
3
What is the ten thousands digit of 23932?
2
What is the thousands digit of 18409?
8
What is the hundreds digit of 696?
6
What is the hundreds digit of 920?
9
What is the units digit of 2087?
7
What is the hundreds digit of 8929?
9
What is the units digit of 2?
2
What is the thousands digit of 1461?
1
What is the units digit of 46524?
4
What is the hundreds digit of 78587?
5
What is the units digit of 194?
4
What is the hundreds digit of 1776?
7
What is the thousands digit of 28231?
8
What is the thousands digit of 1459?
1
What is the thousands digit of 1251?
1
What is the hundreds digit of 1157?
1
What is the thousands digit of 55109?
5
What is the hundreds digit of 1425?
4
What is the units digit of 16832?
2
What is the units digit of 1192?
2
What is the units digit of 4322?
2
What is the ten thousands digit of 14719?
1
What is the thousands digit of 77306?
7
What is the hundreds digit of 1361?
3
What is the units digit of 51?
1
What is the hundreds digit of 1210?
2
What is the units digit of 1277?
7
What is the tens digit of 4720?
2
What is the units digit of 82942?
2
What is the hundreds digit of 121?
1
What is the units digit of 35125?
5
What is the units digit of 1524?
4
What is the units digit of 2795?
5
What is the hundreds digit of 1157?
1
What is the units digit of 7600?
0
What is the thousands digit of 10021?
0
What is the units digit of 182?
2
What is the thousands digit of 8077?
8
What is the ten thousands digit of 49818?
4
What is the units digit of 1267?
7
What is the hundreds digit of 102637?
6
What is the units digit of 9094?
4
What is the units digit of 5788?
8
What is the ten thousands digit of 32542?
3
What is the units digit of 70488?
8
What is the units digit of 157?
7
What is the hundreds digit of 1993?
9
What is the thousands digit of 5319?
5
What is the thousands digit of 5205?
5
What is the hundreds digit of 20447?
4
What is the units digit of 3462?
2
What is the hundreds digit of 5566?
5
What is the tens digit of 50?
5
What is the tens digit of 1994?
9
What is the units digit of 5834?
4
What is the units digit of 173020?
0
What is the tens digit of 12778?
7
What is the hundreds digit of 27705?
7
What is the hundreds digit of 1239?
2
What is the thousands digit of 8523?
8
What is the tens digit of 1085?
8
What is the hundreds digit of 317?
3
What is the thousands digit of 2709?
2
What is the hundreds digit of 972?
9
What is the hundreds digit of 111?
1
What is the thousands digit of 179431?
9
What is the tens digit of 1619?
1
What is the hundreds digit of 36830?
8
What is the ten thousands digit of 81149?
8
What is the thousands digit of 48505?
8
What is the units digit of 4026?
6
What is the hundreds digit of 31427?
4
What is the tens digit of 36778?
7
What is the units digit of 4105?
5
What is the tens digit of 12266?
6
What is the units digit of 15817?
7
What is the thousands digit of 9060?
9
What is the tens digit of 3314?
1
What is the tens digit of 1557?
5
What is the tens digit of 442?
4
What is the thousands digit of 10914?
0
What is the hundreds digit of 9312?
3
What is the units digit of 882?
2
What is the thousands digit of 160817?
0
What is the units digit of 1507?
7
What is the thousands digit of 5816?
5
What is the units digit of 17409?
9
What is the units digit of 383?
3
What is the thousands digit of 42210?
2
What is the tens digit of 136515?
1
What is the hundreds digit of 3652?
6
What is the thousands digit of 2309?
2
What is the hundreds digit of 56543?
5
What is the tens digit of 763?
6
What is the units digit of 1313?
3
What is the tens digit of 368?
6
What is the tens digit of 926?
2
What is the units digit of 5369?
9
What is the tens digit of 12020?
2
What is the thousands digit of 39868?
